.
1951
-14402 (base 5) to base 15
-56c
1332a (base 14) to base 5
3003044
44c (base 15) to base 2
1111001100
Convert -9be3 (base 15) to base 6.
-413023
21411 (base 8) to base 3
110022012
-3633 (base 7) to base 10
-1347
What is 21020 (base 3) in base 13?
120
What is 1a7 (base 15) in base 5?
3012
Convert -1000010 (base 4) to base 3.
-12121212
Convert 220222 (base 3) to base 4.
22202
-1a6 (base 12) to base 4
-10032
Convert 4012 (base 9) to base 7.
11351
-1003 (base 10) to base 7
-2632
6a1a (base 11) to base 12
5401
What is -10639 (base 11) in base 4?
-3300301
-4584 (base 9) to base 13
-1714
142a9 (base 13) to base 9
56788
27751 (base 8) to base 13
5776
Convert -227c (base 13) to base 16.
-12e3
10402314 (base 5) to base 8
261517
346 (base 15) to base 16
2e5
Convert 13440 (base 5) to base 2.
10001100000
Convert 34c2 (base 13) to base 3.
101012000
What is -ba94 (base 12) in base 11?
-144a1
Convert 17425 (base 8) to base 13.
3811
Convert 203131 (base 5) to base 2.
1101000001010
What is -9 (base 13) in base 9?
-10
-706 (base 10) to base 8
-1302
What is -22653 (base 10) in base 14?
-8381
What is -418 (base 15) in base 16?
-39b
1042141 (base 5) to base 11
12927
Convert -131331 (base 4) to base 8.
-3575
Convert 11201 (base 4) to base 11.
2a1
-14100 (base 5) to base 15
-51a
-114404 (base 5) to base 15
-1454
2e1 (base 16) to base 10
737
What is 201001102 (base 3) in base 8?
33101
What is 48 (base 11) in base 8?
64
What is -21333 (base 4) in base 9?
-780
234 (base 8) to base 3
12210
Convert 576 (base 13) to base 4.
32232
Convert -1010101110111100 (base 2) to base 4.
-22232330
20664 (base 7) to base 14
1c34
Convert 752 (base 16) to base 4.
131102
What is 1555 (base 6) in base 5?
3211
-12653 (base 8) to base 13
-26a9
Convert -3b1d (base 16) to base 2.
-11101100011101
51d1 (base 15) to base 11
11aa4
121 (base 9) to base 7
202
What is 285 (base 9) in base 5?
1424
What is -111000001111 (base 2) in base 8?
-7017
25bf (base 16) to base 11
7295
-8867 (base 9) to base 4
-1212031
What is 12a6 (base 14) in base 3?
11111120
Convert 3849 (base 10) to base 9.
5246
Convert 2318 (base 9) to base 12.
bb2
26662 (base 9) to base 11
12609
What is -370 (base 13) in base 2?
-1001010110
Convert 6735 (base 9) to base 8.
11555
-597b (base 12) to base 13
-4748
-c4a1 (base 13) to base 15
-80b6
What is 2021122 (base 3) in base 13?
9b0
What is 154124 (base 6) in base 8?
35504
What is -5422 (base 10) in base 11?
-408a
Convert -3025 (base 6) to base 3.
-220122
-121301 (base 4) to base 5
-23044
Convert 1221012 (base 3) to base 10.
1409
-83 (base 12) to base 5
-344
Convert -15787 (base 13) to base 5.
-2301330
102021 (base 4) to base 11
966
Convert 1000000000 (base 2) to base 15.
242
Convert 2512 (base 10) to base 13.
11b3
Convert 243231 (base 5) to base 16.
23e7
2145 (base 6) to base 5
3442
1011001212 (base 3) to base 14
837b
-100011010010 (base 2) to base 10
-2258
What is -40302 (base 5) in base 7?
-10341
What is -3250 (base 6) in base 15?
-350
What is 11403 (base 5) in base 12?
5b1
Convert 7100 (base 8) to base 9.
5003
-1011011011 (base 2) to base 3
-1000002
316 (base 12) to base 15
200
-6584 (base 10) to base 6
-50252
205 (base 10) to base 9
247
What is 19b35 (base 12) in base 11?
26537
What is 10123 (base 4) in base 2?
100011011
-209 (base 10) to base 4
-3101
Convert -442 (base 13) to base 3.
-1000001
What is -58a0 (base 11) in base 16?
-1e35
What is -2400 (base 7) in base 12?
-616
Convert -db2 (base 14) to base 11.
-2039
-174 (base 15) to base 6
-1314
6044 (base 13) to base 9
20138
What is -4040 (base 5) in base 4?
-20020
What is 25 (base 14) in base 15?
23
What is 604 (base 9) in base 12?
34a
Convert b8 (base 12) to base 7.
260
-16aa (base 15) to base 10
-4885
What is 1727 (base 10) in base 14?
8b5
What is -24780 (base 13) in base 10?
-67197
What is 313 (base 12) in base 16?
1bf
What is -98 (base 16) in base 2?
-10011000
Convert -38 (base 16) to base 10.
-56
454 (base 6) to base 8
262
4213 (base 5) to base 4
20232
Convert -9368 (base 15) to base 7.
-156545
21d6 (base 14) to base 12
3494
Convert 1111 (base 3) to base 5.
130
24c (base 13) to base 2
110010010
Convert -2133 (base 6) to base 14.
-26d
-e1c (base 15) to base 10
-3177
183 (base 11) to base 7
422
What is -1232 (base 8) in base 7?
-1641
1011021 (base 3) to base 11
6a8
Convert -383 (base 13) to base 14.
-31c
54c (base 14) to base 3
1102211
What is -824 (base 14) in base 15?
-71a
67 (base 13) to base 2
1010101
85a (base 16) to base 6
13522
4838 (base 9) to base 16
e0f
3054 (base 8) to base 13
947
Convert 241 (base 11) to base 6.
1155
Convert 1196 (base 11) to base 10.
1557
Convert -10011111 (base 2) to base 16.
-9f
Convert 15a5 (base 11) to base 8.
4003
304324 (base 6) to base 2
101111011111100
Convert 10210111 (base 3) to base 13.
134b
What is -1011101021 (base 3) in base 2?
-101100101011100
Convert 4006 (base 8) to base 13.
c20
Convert ccd (base 15) to base 16.
b4d
-388 (base 10) to base 16
-184
Convert 271 (base 8) to base 3.
20212
Convert -17a6 (base 12) to base 10.
-2862
41525 (base 8) to base 12
9b85
What is -3bd0 (base 14) in base 2?
-10100101001010
-8713 (base 11) to base 10
-11509
What is -39665 (base 10) in base 2?
-1001101011110001
Convert 2d8 (base 15) to base 12.
465
What is 83 (base 11) in base 2?
1011011
10000011 (base 3) to base 2
100010001111
5641 (base 10) to base 5
140031
What is -145 (base 13) in base 4?
-3202
What is -2442 (base 11) in base 14?
-1240
15290 (base 10) to base 8
35672
Convert 12825 (base 10) to base 11.
96aa
Convert -1255 (base 13) to base 4.
-220231
34445 (base 6) to base 5
124200
What is 426560 (base 7) in base 3?
10210000122
What is 556 (base 14) in base 8?
2040
Convert 12afe (base 16) to base 12.
38366
Convert 10200101 (base 3) to base 14.
d99
Convert 327 (base 11) to base 3.
112112
Convert -10003013 (base 4) to base 6.
-204435
Convert -9f16 (base 16) to base 13.
-156ca
What is 321121 (base 4) in base 11?
283a
What is 73 (base 12) in base 13?
69
What is -1ce (base 15) in base 13?
-263
What is -101111011010 (base 2) in base 5?
-44114
Convert 9777 (base 15) to base 16.
7d3e
-28b (base 12) to base 15
-1b5
What is 0 (base 4) in base 12?
0
1642 (base 8) to base 10
930
What is 13333 (base 7) in base 11?
2784
-23210 (base 5) to base 4
-122100
Convert 1322 (base 4) to base 3.
11112
-11011 (base 3) to base 10
-112
What is 2012020211 (base 3) in base 14?
11a55
What is 7801 (base 14) in base 9?
31445
Convert f3f (base 16) to base 12.
2313
What is 2212110 (base 3) in base 9?
2773
Convert 1a4 (base 11) to base 13.
151
Convert 10102012 (base 4) to base 12.
a19a
Convert -433212 (base 5) to base 3.
-202022102
What is 32337 (base 8) in base 9?
20508
Convert 2210122022 (base 3) to base 6.
1103142
Convert -10551 (base 6) to base 2.
-10111100011
Convert 4b31 (base 14) to base 6.
140555
What is 21002210 (base 3) in base 7?
21045
What is b7 (base 13) in base 12?
106
What is -32c (base 15) in base 9?
-876
-32024 (base 5) to base 9
-2836
What is -6430 (base 10) in base 9?
-8734
-c7b4 (base 13) to base 4
-12300232
1611 (base 8) to base 16
389
-1021002120 (base 3) to base 16
-6117
What is 123311 (base 4) in base 16?
6f5
221103 (base 4) to base 7
10464
-21311 (base 5) to base 9
-1887
What is 170 (base 8) in base 10?
120
4343 (base 5) to base 3
211011
Convert -1346 (base 7) to base 4.
-20030
What is -1214310 (base 5) in base 3?
-1011122211
Convert 81 (base 15) to base 7.
232
Convert -513 (base 6) to base 5.
-1224
Convert 146 (base 13) to base 2.
11100011
What is -3a6 (base 16) in base 11?
-77a
What is -348 (base 12) in base 11?
-404
What is 41031 (base 5) in base 4?
221101
1100000011100 (base 2) to base 4
1200130
Convert 121 (base 5) to base 2.
100100
What is -11390 (base 13) in base 11?
-2163a
2776 (base 8) to base 11
1175
-1102 (base 12) to base 7
-5315
Convert -1011 (base 3) to base 13.
-25
-a8d (base 16) to base 4
-222031
-b97 (base 15) to base 12
-1621
What is -447 (base 11) in base 2?
-1000010111
What is 66232 (base 8) in base 4?
12302122
1623 (base 12) to base 7
10431
Convert 110100000101 (base 2) to base 4.
310011
Convert 2592 (base 11) to base 7.
12551
What is 12811 (base 13) in base 12?
17a41
What is -418 (base 11) in base 3?
-200122
What is 41 (base 10) in base 3?
1112
Convert -8a7 (base 13) to base 5.
